*t(u) - 3*r(u). Give f(-6).
-7
Let r(f) = -3*f + 1. Suppose 9*a = 578 + 223. Suppose -a*d = -93*d + 4. Determine r(d).
-2
Suppose 14 = 6*n + 2. Let h(k) = 5*k**n + 1132*k - 1 - 1132*k. Determine h(-1).
4
Let k(g) = -2*g**2 - 2*g - 1. Let w(j) = 2*j**2 + 13*j + 7. Let d be w(-6). Let y be d/(-5) + 45/(-25). Give k(y).
-5
Let o(k) be the first derivative of k**4/4 + 5*k**3/3 - 2*k**2 + 6*k - 1. What is o(-6)?
-6
Suppose -3*j - 2*j - 35 = 0. Let s = -3 - j. Let r = s + -9. Let q(v) = v**2 + 5*v. Give q(r).
0
Let t(j) = -2*j + 11. Suppose 22*g - 252 = -41*g. Calculate t(g).
3
Let w(i) = i**2 + 3*i. Let q(v) = -4*v**2 + 22*v - 2. Let a(x) = -q(x) + 6*w(x). Calculate a(2).
34
Let w(c) = 21*c + 14. Let k(n) = -66*n - 45. Let m(t) = 6*k(t) + 19*w(t). Determine m(5).
11
Let y(r) = -1 + 2 + 8. Let b(c) = c - 46. Let l(q) = -2*b(q) - 11*y(q). Calculate l(-6).
5
Let l(k) be the first derivative of -k**4/4 - 5*k**3/3 - k**2/2 + 6*k - 16. Determine l(-5).
11
Let w = -37 + 30. Let g(n) be the second derivative of n**5/20 + 2*n**4/3 + 7*n**3/6 - 2*n**2 - 13*n. Give g(w).
-4
Let f(o) = -o + 4. Let w(j) = -j**2 - 11*j + 20. Let x(h) = 6*f(h) - w(h). Calculate x(-7).
18
Suppose 96*v - 86*v - 150 = 0. Let c(o) = o**3 - 14*o**2 - 13*o + 3. Give c(v).
33
Suppose 59*q = 79*q - 200. Let v(n) = -n + 16. What is v(q)?
6
Let w be (-15)/(-6) - (-1 - (-6)/4). Let d(p) = p**3 - 3*p**w - 34*p + p**3 + 30*p. Give d(3).
15
Let w(r) = 3*r**3 + 6*r**2 + 4*r + 8. Let n(m) = -m**3 - m**2 - 1. Let c(l) = -5*n(l) - w(l). Calculate c(-2).
-15
Let z(o) = -1 + 5 + 5 - 3*o. Suppose 3*y + 10 = 28. Calculate z(y).
-9
Let z(x) = 9*x**3 - 2*x**2 - 2*x + 12. Let m(h) = 4*h**3 - h**2 - h + 7. Let a(s) = -5*m(s) + 3*z(s). Give a(1).
6
Let g(n) = 73 - 7*n + 4*n - 3*n + n**2 - 76. What is g(4)?
-11
Let t(b) be the third derivative of 11/24*b**4 + 0 + 0*b + 4*b**2 - 1/6*b**3. Suppose -a - 23 = 2*o - 6*a, o - 4*a + 19 = 0. Give t(o).
10
Let r be (136/12)/((-6)/9). Let j = 15 + r. Let y(o) = o**2 - 4*o + 1. Let f(m) = -5*m**2 + 21*m - 6. Let u(a) = j*f(a) - 11*y(a). Give u(3).
-2
Let c(k) = 84*k**2 - 39*k**2 - k**3 + k + 3*k - 42*k**2 - 3*k. What is c(3)?
3
Let p(x) = x + x**2 + 12 + 5 - 16 - 2*x**2. Calculate p(-2).
-5
Suppose o + 3 = 3*b - 2*b, 3*o + 2*b - 11 = 0. Let u(y) = -1 + 2*y - 6*y**2 + 4 - 4. Determine u(o).
-5
Let g(j) = -j**2 + 13*j - 12. Let k be g(12). Let p(o) = 2*o + k - 4 + 2 - 6*o. Let a(q) = -q**2 - 2. Let w be a(0). Determine p(w).
6
Let a(r) = -r**3 + 4*r**2 + 6*r - 3. Suppose 16*t = 5*t + 55. Give a(t).
2
Let q(v) = -4*v - 4*v**3 + 2 + 5*v**3 - 2*v**3 + 2*v**2. Suppose 0 = 563*y - 571*y + 16. Give q(y).
-6
Let l(z) = 1 - 3*z + 10*z - 6*z. Let g = 15 + -9. Let c(j) = -j**3 + 7*j**2 - 8*j + 8. Let w be c(g). Give l(w).
-3
Let g(p) = -p**2 - 5*p - 9. Let x be g(-6). Let o = x - -18. Let z(r) = -5*r - 3. What is z(o)?
-18
Let x = -24 + -47. Let w = x - -67. Let a(j) = -j**2 + 5. Determine a(w).
-11
Let z(u) = -u**2 - 2*u - 4. Let s be z(-3). Let b(m) be the second derivative of -m**3/6 - 3*m**2/2 - 7*m. Determine b(s).
4
Let x(y) = 2*y**2 + 10*y + 2. Let c be x(-4). Let i(s) = -s - 8. What is i(c)?
-2
Let s = 16 - 10. Let z = s + -5. Let n(m) = 0 - z + m - 7. Calculate n(6).
-2
Let u(s) = -s + 7. Let v(y) = y**2 - 16*y. Let w be v(16). Determine u(w).
7
Let p(w) = -w**2 + w - 1. Let r = 1 + 0. Let d(b) = -b**2 + 8*b + 1. Let g be (-5 + (-259)/(-49))*-7. Let j(m) = g*p(m) + r*d(m). Determine j(-4).
-5
Let m(z) be the first derivative of -z**3/3 + 4*z**2 - 9*z + 34. Let y = -6 + 12. What is m(y)?
3
Let f(i) = i**2 - 12*i - 1. Let a = -800 + 806. Calculate f(a).
-37
Let d(q) = 65*q**3 + 30*q**3 + 4*q**2 - 96*q**3. Calculate d(2).
8
Let z(m) = -m**3 + 5*m**2 - 4*m + 5. Let t be z(4). Suppose 5*g = -t*u - 30 - 0, g - 2 = 3*u. Let n(h) = h**2 - 2*h - 2 - 4*h**2 + 2*h**2. What is n(u)?
-2
Let y(c) = c**3 - 6*c**2 + 3*c + 1. Suppose 3*z + 2*z - 15 = 0, 2*g = -5*z + 25. Give y(g).
-9
Let t be 0/((-3)/3*-1). Let o be (-2 - -3)*(1 + t). Let q(z) = 5*z - 10 + 1 + o - z**2 + 2*z. Calculate q(6).
-2
Let y(w) = -7 + 0*w**2 + 1 - 3*w - w**3 - 5*w**2. Let i = -149 - -144. Give y(i).
9
Let o be (-120)/(-72) - 17/3. Let b(r) = -r**3 - 4*r**2 - 1. Calculate b(o).
-1
Let q(z) = -z**3 - 4*z**2 + z + 6. Let k be q(-4). Let l(j) = 2*j**3 - j**2 - 2*j - 1. Calculate l(k).
7
Let r(t) = -t**3 + 7*t**2 + 3*t - 7. Let u be r(3). Let i = 38 - u. Let f(b) = -2*b - 3*b + b**2 + 6*b - 5. Give f(i).
-5
Suppose 0 = -x - 4*h - 8, 3*x - 5 = -3*h - 38. Let q(b) = b**2 + 12*b - 5. Determine q(x).
-5
Let x(i) = 9*i**3 - 15*i**3 + 5*i**3 - 11 + 7*i + 2*i - 4*i**2 - 5*i**2. Calculate x(-10).
-1
Let v(x) be the second derivative of x**4/12 - 2*x**3/3 - x**2/2 + 2*x - 65. Determine v(2).
-5
Let l(z) = z**2 + 2*z - 5. Let y(f) = 10*f + 30. Let c be y(-5). Let k be (c/(-16))/(3/(-12)). Give l(k).
10
Let r(t) = -4*t**2 + 1. Let i(h) = -h**3 - 15*h**2 + 17*h + 15. Let z be i(-16). Determine r(z).
-3
Let d(z) be the second derivative of z**5/20 - 5*z**4/12 + 7*z**3/6 - 2*z**2 + 293*z. Determine d(5).
31
Let g(j) = -j + 9. Let i(f) = f - 10. Let h(r) = -7*g(r) - 6*i(r). Suppose -3*z + 0*t + 2 = -5*t, t = -2*z + 10. Suppose 31 - 7 = z*n. Determine h(n).
3
Suppose -32 = -6*r - 8. Let f(o) = o**2 - o - 9. Give f(r).
3
Let u(d) be the first derivative of 1/2*d**2 + 19 - 3*d. Determine u(-4).
-7
Let n = -305 + 311. Let a(g) = -g**3 + 7*g**2 - 8*g + 6. Give a(n).
-6
Let y(o) be the first derivative of -1/2*o**2 - 8*o + 3. Let r(p) = 4*p - 24. Let h be r(6). Calculate y(h).
-8
Suppose -13*h + 44 = -21. Let s(o) = o**3 + 7*o**2 - o - 7. Let d be s(-7). Let m = d + h. Let r(i) = i**3 - 4*i**2 - 5*i - 5. What is r(m)?
-5
Let m(l) = -l**2 - 277 + l - l**3 + 279 + 3*l. Suppose -3*p - 2*i - 11 = 0, -5 = 3*i - 2. Determine m(p).
8
Let u(r) = -r + 4. Let s be u(4). Let g(o) = o + 25 + s*o - 23. Determine g(-2).
0
Let u(m) = m**2 - 5. Let b be u(4). Let d(v) = -2*v**3 - 12*v + 56 + 77 - 10*v**2 + 3*v**3 - 121. Calculate d(b).
1
Let t = -21 - -15. Let l(r) = r**3 - 5*r**2 + 2*r - 5. Let c(z) = 6*z**3 - 25*z**2 + 9*z - 24. Let b(i) = 2*c(i) - 11*l(i). What is b(t)?
-5
Let z(b) be the first derivative of -b**4/24 + b**3/6 + 8*b**2 - 26. Let c(x) be the second derivative of z(x). Calculate c(5).
-4
Let c(p) = p**2 + 5*p**3 + 5*p**3 + 1 + 2*p - 7*p**3. Let z be c(-1). Let s(g) = g + 1. Let d be s(z). Let o(h) = -3*h**2 + h + 1. What is o(d)?
-13
Let n(y) = 3*y - 6*y - 13626 + 13640. What is n(6)?
-4
Let q(z) be the first derivative of z**7/840 + z**5/120 + 5*z**4/6 + 2*z**3/3 - 4. Let x(y) be the third derivative of q(y). Calculate x(0).
20
Let b = 5 - 0. Let h = 85 - 79. Let y(w) = 80 + w**2 - h*w + 79 - 153. Give y(b).
1
Let o(c) = c**2 + 4*c - 3. Suppose 0*q + 2*q - 2 = 0. Let v be q + -1 + (-3 + 4)*-4. Give o(v).
-3
Let v(m) be the second derivative of 3*m**5/10 - m**4/6 + m**3/3 - m**2/2 - 2*m. Suppose 5*p = 15 - 5. Suppose -3*n = -n - p. Calculate v(n).
5
Let d be (-14)/7 + (7 - 3). Suppose 2*k - 5*y + d*y - 10 = 0, -4*k = 5*y + 24. Let x(b) = 4*b - 1. Determine x(k).
-5
Let y(o) = -25*o + 20*o + 6 + o**3 + 0 + 3 + 6*o**2. Determine y(-7).
-5
Let r(m) = -4*m**2 + m - 2. Let x(n) = -4*n**2 + n - 3. Let s(i) = -3*r(i) + 2*x(i). Suppose -11 = -4*l - 3*b, b - 10 = -3*l - 3*b. Determine s(l).
14
Suppose 0 = 8*d - 5*d + 2*m + 31, -4*m - 27 = d. Let r(h) = h + 8. Calculate r(d).
1
Let a(l) = l**2 + 2*l - 5. Let o = 257 + -257. Give a(o).
-5
Let h(l) = -l**3 + 14*l**2 - 13*l - 6. Let n(c) = -c**2 - 16*c - 47. Let u be n(-10). What is h(u)?
-6
Let h(i) = 4*i - 64900 - i**2 - 2*i - 6*i + 64900. Suppose 3*z = 2*c - z + 8, 2*c + 4*z = -8. Give h(c).
0
Suppose -3*p + 4*p + 3*s + 10 = 0, -4*s - 20 = 0. Suppose -2*d - 8 = 0, i = 4*i - 2*d - p. Let k(t) = 5*t**2 + 2*t + 1. Calculate k(i).
4
Let q(o) = 3*o**2 - o. Suppose -3*j + 5 = 20. Let s(y) = 3*y**2 + y**2 - 6*y - 5*y**2 - 6. Let t be s(j). Give q(t).
4
Let t(y) = y**3 - 10*y**2 + 9*y + 3. Suppose o - 13 = -m, -2*m + 43 - 41 = -4*o. Calculate t(m).
3
Suppose -2*m - 39 = -63. Let o(f) = -f**2 + 12*f - 9. Give o(m).
-9
Suppose 2*w + 5 - 15 = -2*l, -4*l + 3*w = -6. Let x(h) = -5*h**2 - 4*h + 2. What is x(l)?
-55
Let o(z) = -3*z**2 + 9*z + 1. Let v = 2392 - 2386. Give o(v).
-53
Let m = 124 + -120. Suppo